uppose h*d - 65 = -0*d. Calculate the remainder when 3*(-38)/(-12)*4 is divided by d.
12
Suppose -m = -5 + 3. Let k(q) = -2*q - 11. Calculate the remainder when k(-8) is divided by m.
1
Let l = 76 - 38. Suppose -2*g - 3*r - 2*r = -35, 4*r = 5*g - l. What is the remainder when (-52 + -2)/(-2) + 1 is divided by g?
8
Let n(a) be the third derivative of a**5/30 + a**4/12 + a**3/6 - a**2. Let l(c) = -3*c - 4. What is the remainder when l(-4) is divided by n(-2)?
3
Suppose -2*w + 104 = -2*r, -4*w + 51 + 151 = 2*r. Calculate the remainder when w is divided by 6.
3
Suppose -n = 4*n - 345. What is the remainder when n is divided by 12?
9
Suppose 2*g = g + 54. Let l = -37 + g. Calculate the remainder when (-2)/(-4) + 195/6 is divided by l.
16
Let j = 3 - -2. Suppose -r + 5*r + j*l - 27 = 0, l = 4*r - 57. Calculate the remainder when r is divided by 4.
1
Let y be (-2)/((-4)/2)*0. Suppose 0 = -5*p - 4*r - y + 22, 0 = 5*p - 5*r + 5. Suppose p*x - 150 = -x. What is the remainder when x is divided by 17?
16
Suppose 7*d = 2*d + 405. Suppose -110 = -5*z + 5*m, z - 2*m + d = 4*z. What is the remainder when z is divided by 14?
11
Let m(p) = p**2 - 4*p - 7. What is the remainder when m(-5) is divided by 13?
12
Let o be (-8 + 0)*(-4)/8. Suppose -4*p + k = -6*p + 2, 3*k + 8 = p. Calculate the remainder when 46 is divided by (p/o)/((-3)/(-144)).
22
Calculate the remainder when (59 - 0) + 1 - 1 is divided by 15.
14
Let k = -31 + 9. Let q = -9 - k. Calculate the remainder when 23 is divided by q.
10
Calculate the remainder when ((-26)/(-3) - -4)*3 is divided by ((-10)/(-6))/(2/24).
18
Let y(a) = a**3 + 4*a**2 - 5*a + 4. Suppose 0 = i + 49 + 31. What is the remainder when y(-5) is divided by (-4)/(-18) - i/45?
0
Let v(s) = -s**2 + 12*s + 32. Calculate the remainder when v(13) is divided by 11.
8
Suppose -3*i = -33 - 6. Let t = -106 - -168. Suppose -t = -3*d + i. What is the remainder when d is divided by 7?
4
Let i(d) = d**2 - d + 1. Calculate the remainder when i(2) is divided by 3.
0
Let x = -13 - -19. Suppose -x = -2*b, -2*u = 3*u + b - 13. Let m(o) = o**2 - 2*o + 1. Calculate the remainder when 3 is divided by m(u).
0
Suppose w + 0*w - 24 = 0. What is the remainder when w is divided by 13?
11
Let x(b) = 4*b - 2. What is the remainder when 22 is divided by x(2)?
4
Suppose -5*p = -5 - 5. Calculate the remainder when ((-1)/p)/((-1)/28) is divided by 4.
2
Suppose h - 23 = 2*f, 0*f + 2*f = -h + 19. Calculate the remainder when 60 is divided by h.
18
Let a = 65 + -41. Suppose 3*p = -3*i - p + 56, -i + a = 4*p. Calculate the remainder when 63 is divided by i.
15
Suppose -3*y = r, 0 = 2*y - y - 4*r + 13. What is the remainder when (-7)/14 - (-198)/4 is divided by (4 + y)*(-78)/(-18)?
10
Let z = 4 + 9. Let x = -4 + z. Calculate the remainder when x is divided by 5.
4
Suppose -9 = -2*p + 4*g + 21, 0 = 5*p - 2*g - 35. Suppose p*r - 96 - 14 = 0. What is the remainder when r is divided by 6?
4
Suppose -86 = 4*g + t, g + 76 = -3*g + 4*t. Suppose 3*n + 17 = 119. Let f = n + g. What is the remainder when f is divided by 5?
3
Let r(q) = -15*q + 8. Calculate the remainder when r(-7) is divided by 29.
26
Suppose -7 - 3 = -2*v. Calculate the remainder when 12 is divided by v.
2
Let a(t) = 3*t**3 + 2*t**2 - 4*t + 3. Suppose -5*g + 0*g = -10. Let w(r) = 7*r. Calculate the remainder when a(g) is divided by w(2).
13
Suppose -w = 2*w - 54. Suppose 8*t = 3*t + 20. What is the remainder when w/2 + 1 + 0 is divided by t?
2
Calculate the remainder when (-3 + -25 + 1)/(-1) is divided by (-160)/(-28) + (-4)/(-14).
3
Let f(a) = 6*a - 39. What is the remainder when 41 is divided by f(10)?
20
Let y = -24 + 31. Calculate the remainder when y is divided by 1.
0
Let z = -5 - -17. Suppose 5*d = -j + 16, -2*d = -3*j + 121 + z. Calculate the remainder when j is divided by 14.
13
Let y(s) = s + 14. What is the remainder when 39 is divided by y(-8)?
3
Suppose b - 14 = 8*b. Let u = 1 + -1. Calculate the remainder when 5 is divided by 3 + u/(b/(-1)).
2
Suppose 5*h = 6 + 34. Let f = -52 - -74. Calculate the remainder when f is divided by h.
6
Let g(f) = -f**2 + 4*f - 4. Suppose -z + 0*z + 6 = 0. Let n be g(z). What is the remainder when 47 is divided by n/(-2)*(3 - 1)?
15
Let w = 4 + 1. Let j(p) = 4*p - 7. Calculate the remainder when j(5) is divided by w.
3
Let l(h) = -h**3 + 4*h**2 + 2*h - 2. Calculate the remainder when (-2)/9 + (-2766)/(-54) is divided by l(-2).
15
Let i be 0/((-1)/(-2 - -1)). Suppose i = 2*h - 26. Suppose -d + 114 = 3*w, 4*w - 2*d - 102 = 50. What is the remainder when w is divided by h?
12
Let s = -104 + 156. Calculate the remainder when 1/(-1 - (-54)/s) is divided by 9.
8
Let f = 27 + -23. What is the remainder when 10 is divided by f?
2
Let v be 6/(-15) + 1827/5. Suppose -5*y + v = -0*y. Suppose 0 = 2*t + 10, -3*d + 5*t - 6 + y = 0. What is the remainder when 41 is divided by d?
13
Suppose 4*h + 19 = 5*h. What is the remainder when 75 is divided by h?
18
Suppose -2*h + 0*h = 8. Let z = 4 + h. Suppose z = 4*o - 88 + 4. What is the remainder when o is divided by 11?
10
Suppose 0 = 2*a - 2, -5*c - 5*a + 31 = 6. What is the remainder when c is divided by 1?
0
Let v(a) = a**2 + 2*a + 7. What is the remainder when 58 is divided by v(-4)?
13
Let u = -15 + 23. What is the remainder when 38 is divided by u?
6
Let h be (-8)/(-12)*(-2 - 4). Let r = h + 9. Suppose -44 = -r*j + j. Calculate the remainder when j is divided by 6.
5
Let a = 68 - 57. Calculate the remainder when 30 is divided by a.
8
Let j(c) = c + 15. Let a be j(-9). Suppose -3*t + 63 = -a. Calculate the remainder when 43 is divided by t.
20
Let y be (3 + 9)/((-2)/(-20)). Suppose 5*m - y = -2*b - 0*b, -3*b = -5*m + 120. Calculate the remainder when m is divided by 13.
11
Let f = -35 - -5. Let m = -3 + 1. Let l = m - f. Calculate the remainder when l is divided by 15.
13
Let r(b) = -b**3 - 9*b**2 - 7*b + 1. Let v be r(-8). Let t = 1 - v. Calculate the remainder when 21 is divided by t.
5
Let k(b) be the third derivative of b**6/60 - b**5/30 + b**4/8 - b**3/3 + b**2. What is the remainder when ((-8)/(-10))/(6/165) is divided by k(2)?
10
Suppose 0 = -5*i + 3*m - 6*m + 82, 5*i = 2*m + 62. Calculate the remainder when 39 is divided by i.
11
Suppose 274 - 10 = 3*y. What is the remainder when y is divided by 6?
4
Let h = 14 - -29. Suppose 0*o + 2*o - 24 = -2*f, 5*f = 5*o + 30. Let r = h + f. Calculate the remainder when r is divided by 18.
16
Let g = 62 + -120. What is the remainder when 1/(((-5)/g)/5) is divided by 20?
18
Suppose p + 3*p = 36. Let r be p/3 + -1 - 0. Suppose -4*c = 2*d + r, 0 = -2*d - c + 13 - 6. Calculate the remainder when d is divided by 3.
2
Suppose -4*s = 17 + 43. Let t = s + 17. Calculate the remainder when 6 is divided by t.
0
Let q(a) = 24*a**3 + 1 - 13*a + 13*a - a**2. Let f be q(1). Suppose 8 = 2*b - b - 5*z, -3*b = -2*z - f. Calculate the remainder when 15 is divided by b.
7
Suppose -3*y - 8 = 5*k - 96, -112 = -4*y - 4*k. Suppose 2*s = 6*s + 4. What is the remainder when y is divided by ((-1)/s)/((-1)/(-14))?
12
Let l(c) = 0 + 8*c + 1 + 0. Calculate the remainder when l(3) is divided by 9.
7
Suppose 2*d + 5*g = 78 + 64, 0 = -5*d - 3*g + 374. Calculate the remainder when d is divided by 20.
16
Calculate the remainder when 11 is divided by 18/3 - 2 - 1.
2
Let l(u) = u**2 + u - 5. Suppose 5*n + 0*x - 3*x = -13, -n + x = 1. What is the remainder when l(n) is divided by 4?
3
Suppose -3 = 2*y - 61. Suppose 0 = -2*z + d + 16, -z - 8 = -2*z - 4*d. What is the remainder when y is divided by z?
5
Suppose 16 = -0*j + j. Let q = -4 + j. Calculate the remainder when 23 is divided by q.
11
Suppose -5*r = -3*i + 44, 2*i = -3*i - r + 64. What is the remainder when 38 is divided by i?
12
Let q(m) = -m**3 + 5*m**2 + 2*m + 10. Let g be q(5). What is the remainder when 5*2/g*22 is divided by 3?
2
Let k be 14 - 11 - (0 + 0). Suppose k*a = -4*z + 31, 3*z = -a - a + 19. Calculate the remainder when a is divided by 6.
5
Suppose -4*z + 340 = -2*f, -3*f + 412 = 5*z + f. Calculate the remainder when z is divided by 17.
16
Suppose 3 = n + d - 3, -5*n + 30 = 2*d. Suppose -5*m = -25, n*s - m = s + 20. Let o = s + 25. What is the remainder when o is divided by 16?
14
Suppose x + 3*v = 7, -7 - 12 = -x + v. What is the remainder when x is d